 210860580?
True
Is 47943979 a multiple of 1259?
True
Is 16937097 a multiple of 1693?
False
Is 4175960 a multiple of 8?
True
Is 188 a factor of 62892956?
True
Does 2108 divide 22096056?
True
Is 15 a factor of 84126232?
False
Is 1096359435 a multiple of 1405?
True
Is 1262135616 a multiple of 56?
True
Is 1671950568 a multiple of 24?
True
Is 67762540 a multiple of 185?
True
Is 18 a factor of 10548450?
True
Is 18880460 a multiple of 10?
True
Does 8 divide 51985712?
True
Is 223389362 a multiple of 199?
False
Is 54 a factor of 19297818?
True
Is 4031038 a multiple of 12?
False
Is 586355331 a multiple of 649?
False
Is 174301158 a multiple of 2060?
False
Does 46 divide 2102197056?
True
Is 20 a factor of 98392020?
True
Is 5 a factor of 646175355?
True
Is 33216710 a multiple of 2457?
False
Is 6179105059 a multiple of 23?
False
Does 2457 divide 196326585?
True
Is 11 a factor of 60055413?
True
Is 16338393 a multiple of 7?
False
Is 79 a factor of 272725459?
True
Is 5487893 a multiple of 13?
False
Is 12 a factor of 1935718?
False
Is 16260584 a multiple of 8?
True
Is 3356448 a multiple of 96?
True
Is 52 a factor of 19219925?
False
Is 45 a factor of 4301356005?
True
Does 2113 divide 303757664?
False
Is 67919548 a multiple of 144?
False
Does 10 divide 178577619?
False
Is 1889 a factor of 489960122?
False
Is 43487891 a multiple of 5?
False
Is 9 a factor of 773646344?
False
Is 274080919 a multiple of 9?
False
Is 7540150 a multiple of 19?
True
Does 805 divide 207447695?
True
Does 180 divide 276421320?
True
Is 352 a factor of 45553376?
True
Does 1236 divide 323779994?
False
Is 23097598 a multiple of 216?
False
Is 182 a factor of 425347270?
False
Is 1089 a factor of 1292470?
False
Does 2976 divide 791165548?
False
Is 12 a factor of 33778297?
False
Does 1525 divide 27706137?
False
Is 2353001295 a multiple of 149?
True
Does 56 divide 2913166424?
True
Is 87305837 a multiple of 160?
False
Is 26446500 a multiple of 125?
True
Is 48 a factor of 13324404?
False
Is 162 a factor of 750376?
False
Does 4 divide 11780912?
True
Is 25763358 a multiple of 138?
True
Is 126556127 a multiple of 266?
False
Is 469249769 a multiple of 112?
False
Is 14839705 a multiple of 2046?
False
Does 45 divide 201170340?
True
Is 15 a factor of 402068967?
False
Is 319 a factor of 638250096?
True
Does 38 divide 213512601?
False
Is 420540 a multiple of 43?
True
Does 20 divide 10618983?
False
Does 1181 divide 42945254?
False
Is 347 a factor of 954683403?
True
Does 6 divide 14664708?
True
Is 994440420 a multiple of 230?
True
Is 4 a factor of 287496?
True
Is 538 a factor of 39890010?
True
Is 2328068349 a multiple of 17?
True
Is 622 a factor of 43043022?
True
Is 18 a factor of 4180788734?
False
Is 600 a factor of 1254739233?
False
Is 27625815 a multiple of 19?
False
Does 148 divide 601658406?
False
Does 47 divide 42070851?
False
Is 2369225471 a multiple of 244?
False
Is 17 a factor of 662373177?
False
Is 8975 a factor of 1227878725?
True
Is 30 a factor of 6638068?
False
Does 9 divide 2701780575?
False
Does 180 divide 217509388?
False
Is 1885600015 a multiple of 21?
False
Is 66559278 a multiple of 15?
False
Does 4 divide 94901845?
False
Is 146337281 a multiple of 41?
False
Does 863 divide 4451274?
False
Is 1330 a factor of 3396473976?
False
Is 68 a factor of 50131698?
False
Is 2198522913 a multiple of 630?
False
Is 100 a factor of 20367800?
True
Is 291 a factor of 587751033?
True
Does 261 divide 1259325?
True
Is 29 a factor of 5802233?
True
Is 51 a factor of 7325044?
False
Is 334 a factor of 33806733?
False
Does 84 divide 360716076?
True
Does 1278 divide 209304450?
True
Is 119541792 a multiple of 1973?
False
Is 2041692030 a multiple of 35?
True
Does 10 divide 4918760?
True
Does 65 divide 200483075?
True
Is 1624 a factor of 1345105608?
True
Does 8 divide 1791333387?
False
Is 77 a factor of 3051151411?
True
Is 5981 a factor of 580156671?
False
Does 43 divide 1902126070?
True
Is 29 a factor of 24241131?
False
Is 18 a factor of 971035866?
True
Does 17 divide 56788466?
True
Does 874 divide 3800157?
False
Is 8 a factor of 1552681962?
False
Is 10 a factor of 74079840?
True
Is 248 a factor of 71764504?
True
Does 616 divide 526029504?
True
Is 470394365 a multiple of 46?
False
Is 3811 a factor of 794494414?
True
Is 13 a factor of 21097857?
False
Is 55 a factor of 1091110460?
True
Is 5 a factor of 24197933?
False
Does 424 divide 245747432?
True
Is 186 a factor of 22996855?
False
Is 965961516 a multiple of 2938?
True
Does 1562 divide 264627792?
True
Does 18 divide 72771300?
True
Is 9913266 a multiple of 891?
True
Is 1184375129 a multiple of 49?
True
Is 115 a factor of 10987895?
False
Does 120 divide 795068760?
True
Is 471 a factor of 223142946?
False
Does 3606 divide 68135370?
True
Is 2375222 a multiple of 11?
False
Is 532 a factor of 68701513?
False
Does 84 divide 7638513?
False
Does 19 divide 82938173?
True
Is 2481356125 a multiple of 5?
True
Does 15 divide 98590331?
False
Is 41266983 a multiple of 16?
False
Is 38 a factor of 147923584?
False
Does 704 divide 2943963968?
True
Is 8121942 a multiple of 963?
True
Is 296879070 a multiple of 141?
False
Is 10968705 a multiple of 900?
False
Is 17 a factor of 29242667?
False
Is 15224814 a multiple of 594?
True
Is 108 a factor of 89363043?
False
Does 4151 divide 462122434?
False
Does 1127 divide 23026864?
True
Does 10 divide 71441410?
True
Does 365 divide 7179265?
False
Is 414 a factor of 79698312?
True
Does 18 divide 28924434?
True
Does 292 divide 27126005?
False
Is 4 a factor of 46280826?
False
Does 2746 divide 75206051?
False
Does 86 divide 43801606?
True
Is 98513048 a multiple of 536?
True
Does 1295 divide 506819035?
False
Is 841681764 a multiple of 77?
True
Is 6096 a factor of 2285372112?
True
Is 42706210 a multiple of 1136?
False
Does 1994 divide 63263638?
True
Does 538 divide 60791006?
False
Is 1278570786 a multiple of 32?
False
Is 3193 a factor of 76991143?
False
Does 188 divide 11176600?
True
Is 1439 a factor of 61892324?
False
Is 619 a factor of 96297560?
False
Is 71103570 a multiple of 3?
True
Is 368509776 a multiple of 197?
True
Does 1696 divide 28268928?
True
Does 24 divide 139399728?
True
Does 62 divide 30169200?
True
Is 44 a factor of 2059650985?
False
Does 46 divide 476789494?
True
Is 1153 a factor of 1611295593?
True
Does 81 divide 284224950?
True
Does 6 divide 209852052?
True
Does 31 divide 8567930?
False
Does 3 divide 201342977?
False
Does 553 divide 4472052430?
False
Is 14 a factor of 260392426?
True
Is 53 a factor of 61052627?
False
Does 332 divide 1362246132?
True
Is 42854256 a multiple of 6?
True
Is 365 a factor of 312939777?
False
Does 27 divide 170614215?
True
Is 2250 a factor of 965916000?
True
Does 75 divide 242544299?
False
Is 2866823743 a multiple of 231?
False
Is 758 a factor of 47874472?
False
Is 3567 a factor of 930264425?
False
Is 41357568 a multiple of 96?
True
Is 80855942 a multiple of 314?
True
Does 193 divide 890842645?
True
Is 32482973 a multiple of 9?
False
Is 1669 a factor of 29431146?
True
Does 2618 divide 739180254?
False
Does 40 divide 11408350?
False
Is 15612863 a multiple of 861?
False
Is 14 a factor of 13200150?
False
Does 81 divide 774372474?
True
Does 45 divide 8188445?
False
Does 24 divide 26524896?
True
Is 31193268 a multiple of 6?
True
Is 24978138 even?
True
Is 9 a factor of 8670780?
True
Is 21 a factor of 5133450?
True
Is 127389705 a multiple of 445?
True
Does 8 divide 839107?
False
Is 22605552 a multiple of 716?
True
Does 55 divide 27125468?
False
Is 420 a factor of 10784827?
False
Is 138 a factor of 618433?
False
Is 25427196 a multiple of 324?
True
Does 1063 divide 59367487?
True
Does 956 divide 56897325?
False
Is 76 a factor of 25490324?
True
Is 42 a factor of 870337650?
True
Does 417 divide 424153545?
False
Is 242 a factor of 460850533?
False
Is 272 a factor of 3268817120?
True
Is 509 a factor of 30500191?
False
Is 17459771 a multiple of 491?
False
Does 14 divide 41379142?
True
Is 36273900 a multiple of 1846?
True
Does 82 divide 125847251?
False
Is 36927323 a multiple of 7?
False
Is 38 a factor of 382795798?
False
Does 23 divide 2824835459?
True
Is 113 a factor of 1195314?
True
Is 1016593602 a multiple of 5?
False
Does 746 divide 218314152?
False
Does 18 divide 89056818?
True
Is 13 a factor of 319435116?
True
Does 144